4*r. Is r prime?
False
Suppose 2*y + 4*z = -3*y + 89, -2*y = -5*z - 62. Is y a prime number?
False
Let f be -3 + -2 + -3 - -3. Let t(p) = -2*p + 5. Is t(f) a prime number?
False
Let s(g) = -4*g + g - 55 + 62 - 3*g. Is s(-8) composite?
True
Is 7890/90*(1 - -2) a composite number?
False
Let o = 443 - 142. Is o a prime number?
False
Suppose -f - 2*d = -22, 5*f - 107 - 39 = -d. Suppose -x = 5*z - 10, 4*z - f = 3*x - 6*x. Let w = x - -9. Is w prime?
True
Suppose -2*l + l = -191. Is l a prime number?
True
Suppose 49*k = 55*k - 1062. Is k a composite number?
True
Let o(u) = -u + 11. Let w be o(10). Let m = w - -3. Is m composite?
True
Let g be (-2)/(-4)*2*4. Suppose -2*w = -0*k + 5*k + 41, -4*k = -2*w + 40. Is ((-6)/k)/(g/210) a prime number?
False
Let s(x) = -x + 10. Let l be s(8). Let u be 15/4 + l/8. Suppose u*j - 13 - 25 = 5*z, j = 4*z + 15. Is j a composite number?
False
Suppose 2*s - 85 = 5*i + 7*s, 0 = 2*s - 6. Is -514*(2 - i/(-8)) a composite number?
False
Let z(w) = 2*w**2 - 13*w - 11. Suppose 0 = -5*p - 20, -3*f - 4*p + 10 = p. Is z(f) a composite number?
False
Suppose 0 = 5*a - 7*a + 178. Is a a prime number?
True
Suppose 1180 - 9 = i. Is i prime?
True
Is -2*(69/(-6) + 0) a prime number?
True
Let q(h) be the second derivative of 4*h**4/3 + h**3/6 + h**2/2 - 3*h. Is q(-3) a composite number?
True
Suppose 0 = -2*p - 2 - 4, 2*m - 313 = -3*p. Is m composite?
True
Let k = -4 + 5. Let s = 52 - k. Is s composite?
True
Let v(f) = -16*f - 3. Is v(-16) a composite number?
True
Let z(g) = -g**3 + 3*g**2 + g + 1. Is z(-6) a prime number?
False
Is 751*1/4*4 composite?
False
Let g = 113 + 34. Suppose -5*r + 88 = -g. Is r a prime number?
True
Let c = -176 - -312. Let q = -23 + c. Is q a prime number?
True
Suppose 0 = -5*t - 5*c + 230, -4*c + 2*c - 80 = -2*t. Is t a composite number?
False
Let q = 52 + 15. Is q a composite number?
False
Let t(m) = 2*m - 7. Let o(r) = -2*r + 1. Let u be o(-5). Is t(u) composite?
True
Let c be 2/(-10) + 9/45. Suppose -2*d + c*d = -786. Is d prime?
False
Let a(p) = p**2 + 2*p + 123. Is a(0) a prime number?
False
Let z = 8 - 3. Suppose v = z*v. Is -21*(0 - (v - -1)) composite?
True
Let j(t) = -6*t**3 - 15*t**2 - 10*t + 4. Let z be j(-10). Suppose 0 = -o - 3*o + z. Is o a prime number?
True
Suppose -2*m = -3 - 5. Let r = m - 7. Let q(j) = 5*j**2 + 5*j + 3. Is q(r) prime?
False
Let q be (-8)/12 + 17/3. Let x(p) = p**3 - 5*p**2 + 5*p - 4. Is x(q) a prime number?
False
Suppose -16 = -2*l - 4. Is (-7)/(21/l) - -55 a composite number?
False
Is (-7)/28 - (-5607)/12 composite?
False
Let g(q) = -8*q**3 + 5. Is g(-3) a composite number?
True
Let u(t) = t**2 + 3*t - 4. Let k be u(-4). Suppose k = h + 2*n - 10, -3*h = -0*n - n - 65. Let b = h - -15. Is b prime?
False
Let t(y) = -3*y**2 + 9*y + 10. Let s(f) = 2*f**2 - 8*f - 9. Let z = -3 + -4. Let m(r) = z*s(r) - 6*t(r). Is m(-4) a prime number?
True
Let f(b) = 35*b + 2. Let l(h) = 36*h + 2. Let x(d) = -6*f(d) + 5*l(d). Is x(-10) a composite number?
True
Suppose 6483 = -17*h + 20*h. Is h a composite number?
False
Suppose 2 = 3*s + 2*w - 5, -4*s + 3*w = -15. Let k = s - -16. Is k composite?
False
Let o(d) = d**2 - 5*d - 5. Is o(-9) composite?
True
Let n(d) = -4*d + 1. Let r be n(-1). Suppose a + 0*y = y + 30, -a = -r*y - 10. Is a a composite number?
True
Let p(f) = 4*f + 5. Is p(4) composite?
True
Let g be (27/6 - 2)*2. Let w(m) = 5 - g - 133*m. Is w(-1) a composite number?
True
Let f(b) = b**2 - 3*b - 7. Suppose -u - 2*n = 0, -2*u - 2*n = n - 4. Is f(u) composite?
True
Suppose 0 = -2*u + 7*u. Suppose 3*p + 27 = 4*r - 3*r, r + p - 47 = u. Suppose -r - 34 = -2*q. Is q a prime number?
False
Suppose -5*m = 3*i + 7 + 1, -4*m - 20 = -i. Suppose 0 = 3*n - 2*b + 28 + 4, 5*n - i*b + 56 = 0. Let w = n + 15. Is w composite?
False
Let x(u) = 33*u**2 + 10*u + 12. Is x(-7) a composite number?
False
Let z be (-1 - 0/(-1))*685. Let x = z - -1011. Let r = x + 47. Is r a composite number?
False
Suppose 13448 = -0*v + 8*v. Is v a composite number?
True
Let a be (-2)/(-2) - (0 - 2). Suppose -a*g = -g - 126. Suppose -g = -3*p + 111. Is p a composite number?
True
Suppose -8 = -3*z + 2*z - 4*t, 0 = 5*z + 3*t - 6. Is (1 - 3) + 129 + z a composite number?
False
Let m(k) = 5*k**2 - 1. Let z be m(1). Suppose z*h - 9*h = -465. Is h composite?
True
Let l be (-1*2)/(-2) - -4. Suppose 106 = v - 3*h, 3*v - l*h - 394 = -88. Suppose 3*c - 58 = -4*p, 3*p + 37 - v = -3*c. Is c a prime number?
False
Let v(c) = -c**3 + 8*c**2 - 6*c - 9. Let k = 2 + 5. Let h be v(k). Let j(a) = -26*a + 1. Is j(h) composite?
False
Suppose -5*s = -6*s + 427. Suppose 3*d - 116 = s. Is d a composite number?
False
Let t(n) = 28*n - 7. Let g be t(5). Suppose -5*y + 88 = -y. Suppose y - g = -3*b. Is b prime?
True
Suppose -s + 5*c = -287, -c + 411 = 2*s - 141. Let p = 388 - s. Is p a prime number?
False
Let b(c) = -c. Let i be (-4)/18 - 16/9. Let o be b(i). Suppose 4*u - 3*v = 89, -u + 72 = o*u + 3*v. Is u a prime number?
True
Suppose 2*h - 4*h = -102. Is h composite?
True
Let f be (1/(2/8))/2. Suppose 5*w = f*w + 507. Is w a prime number?
False
Let r(t) = -t + 14. Suppose 27 - 92 = -5*j. Suppose j + 8 = 3*o. Is r(o) a prime number?
True
Suppose 0 = -u + 2276 + 57. Is u composite?
False
Let d(w) = w**2 - 5*w + 4. Let j be d(4). Suppose j*z - 2*a + 88 = 2*z, -z - 4*a + 29 = 0. Is z composite?
True
Let u(y) = -52*y + 11. Let a(s) = -78*s + 17. Let h(z) = 5*a(z) - 8*u(z). Suppose -4*k - 25 = -9*k + b, -4*b - 20 = -4*k. Is h(k) a prime number?
True
Let p(r) = -r**3 - 2*r**2 + 2*r - 3. Let c be p(-3). Suppose 0 = -c*v + 3*v - 6. Let b(g) = 8*g**3 + 2*g**2 - 2*g - 1. Is b(v) a composite number?
False
Suppose 12 = 4*k - 8. Suppose -5*f - k*a + 102 - 27 = 0, -58 = -4*f - 3*a. Is f prime?
True
Let x(k) = k**2 + 8 - 4*k**2 + 2*k**2 + 9*k. Is x(7) composite?
True
Let z be 0 + (0 + -1)*3. Let r be z/9 - (-465)/(-9). Let w = r + 89. Is w prime?
True
Is 382*(0 - 2/(-4)) composite?
False
Let c(k) be the third derivative of k**4/12 + 2*k**3/3 - 2*k**2. Let q be c(-7). Is (35/q)/((-2)/12) a prime number?
False
Let b(n) = n**3 - 4*n**2 + 4*n + 3. Is b(4) a prime number?
True
Let j = -75 - -86. Is j composite?
False
Let w = 566 - 279. Is w a composite number?
True
Let i be (13 + 2)*(-36)/10. Let f = i - -80. Is f a composite number?
True
Is ((-37)/(-4))/(1 + (-1986)/1992) a composite number?
True
Suppose -2*y = 56 - 4366. Is y a prime number?
False
Suppose -2800 = -5*x - 5*o, -5*x + o + 2802 = 5*o. Let f = -261 + x. Is f prime?
False
Let v(y) = 75*y**2 - 4*y - 4. Is v(-3) prime?
True
Let z(r) = -r**2 + 6*r - 2. Let h be z(6). Is (-1840)/(-6) - h/6 a composite number?
False
Let x = 45 - 22. Let y = x - -10. Is y composite?
True
Suppose 79 = 4*i + 23. Is i composite?
True
Suppose -3*h + 48 = -4*a, -2*h + 18 = -4*a - 26. Let u = 10 - a. Is u a prime number?
True
Suppose l = 4*u - 0*u - 2999, -4*u + 3009 = l. Is u a prime number?
True
Suppose -41 = 4*u - 385. Is u a prime number?
False
Let r(h) = -h**3 - 7*h**2 - h - 8. Let a be r(-7). Is (a - -131) + 0 + 1 prime?
True
Let i be 302/1*3/(-6). Let k = 218 + i. Is k prime?
True
Let q(z) = -z**3 - 9*z**2 - 7*z + 6. Let p be q(-9). Let l = 88 + p. Is l a composite number?
False
Let f be (-4 + 17)*(-21)/(-3). Suppose 4*v - 148 - f = -j, 4*v - 685 = -3*j. Is j a composite number?
False
Is 4*(879/12 + 0) prime?
True
Let q(c) = -34*c + 1. Let g be q(1). Let y = -2 - g. Is y a prime number?
True
Suppose 3*v - 4*x - 136 = 0, -2*x + 6 = 2. Suppose -3*n + v = -4*n. Let c = -29 - n. Is c prime?
True
Is (-3 + 1)*(-1628)/8 composite?
True
Suppose 1056 = 4*s - 2*s. Suppose -4*g + 19 = -3*o, -2*o + 0*o = g - 2. Suppose -s = -g*w + l - 3*l, w + l = 131. Is w a composite number?
True
Is 1259*-2*(-4)/8 composite?
False
Suppose -22 = 4*k + i, -30 = 3*k - 4*i - 4. Let p = -260 - -185. Let z = k - p. Is z composite?
True
Let g = -121 + 51. Let w = 159 + g. Is w composite?
False
Let a be (-3 + 2)/(-1 - 0). Let w be ((a - -1) + 4)*1. Suppose -5*b + 655 = 5*z, w = -b + 4*z + 147. Is b a composite number?
True
Let f(o) = -o - 1. Let s be f(-2). Let c = 3 - s. Is c prime?
True
Let o = 18 + -25. Let q = 35 - 19. Let v = o + q. Is v a composite number?
True
Suppose f + 0 = 6. Is 3597/27 + f/(-27) a composite number?
True
Suppose 2*r - 11 = -2*n + r,